v(d) = d**3 - 2*d**2 - d + 1. Suppose 19 = 4*a + 3. Let k be (a/5)/((-6)/(-15)). Give v(k).
-1
Let v(i) = 139 + 0*i - i - i**2 - 145. Calculate v(0).
-6
Let j(f) = 10*f**3 + 2*f**2 + 2*f + 1. Let l = 33 + -18. Suppose 3*c - l = -2*c. Suppose 5*q + c + 2 = 0. What is j(q)?
-9
Let i(r) = r**2 - 15*r - 3. Let m be i(15). Let v(w) = -2*w + 4. Give v(m).
10
Let b(q) be the first derivative of 2 - 6*q - 5/2*q**2 - 1/3*q**3. Give b(-5).
-6
Let r be 9/6*(-2 + 4). Let l(g) = 7*g - r*g**2 - g**3 + 2*g - 6*g. Give l(-4).
4
Let y(n) = n. Let z(d) = 4*d**3 - d**2 + 1. Let f be z(-1). Let v(l) = l + 4. Let g be v(f). Suppose 0*w - 3*o = -w, -3*o - 3 = g. Calculate y(w).
-3
Let n(a) = 4 - 2*a + 0 + 4*a. Determine n(-4).
-4
Suppose 3*v - 2 = 7. Let t(x) = v - 3 + 0*x - 2 + x. Calculate t(-3).
-5
Let r(x) = 3*x**2 - 13*x - 3. Suppose -23 = -f + 5*t + 4, 4*f + 12 = -4*t. Let y(u) = -u**2 + 6*u + 1. Let h(b) = f*r(b) + 5*y(b). What is h(-3)?
-4
Let p = 14 - 12. Let r = p + -3. Let v(i) = -3*i + 1. What is v(r)?
4
Let b(w) = 2*w - w + 10 + 0*w - 2. Let l be b(-12). Let a(o) = -4*o**2 + 2*o + 6. Let y(r) = -r**2 + 1. Let p(n) = a(n) - 5*y(n). Determine p(l).
9
Let h(r) = 2 - 3*r**2 - 9*r + 3*r**2 - r**2 - 10. Calculate h(-7).
6
Let y(s) = 0*s**3 + 3*s + 2 - s**3 - 5*s**2 - 9*s**2 + 17*s**2. Let k be y(4). Let n(t) = -2*t. Give n(k).
4
Suppose c = 2*c - 2, 0 = 4*a - c + 10. Let s = 2 - a. Let h(k) = k**3 - 5*k**2 + 3*k + 2. Calculate h(s).
-2
Let o(s) be the second derivative of s**4/24 - s**2 - 5*s. Let d(t) be the first derivative of o(t). Calculate d(-3).
-3
Let c be (-1)/((-1)/3*1). Let w(l) = -4 + l + l**2 - 2 + c - 1. Let r = 0 + 0. Give w(r).
-4
Let t = -16 + 23. Let v(j) = 7 + j**3 + 4 + t*j**2 - 1 + 8*j - 2. Determine v(-6).
-4
Let j = -35 + 37. Let n(l) = -l**3 - l**2 + l + 1. Let s(q) = -6*q**3 + 3*q + 4. Let o(k) = -5*n(k) + s(k). Give o(j).
7
Let a be (4/1)/(0 - -2). Suppose -a*k - 2*f + 6 = 0, 0*f - 3*f - 6 = -2*k. Let u(n) = n - k*n + n + 1. Give u(3).
-2
Let n(m) = -2*m**2 - 4*m - 2. Let w = 7 - 14. Let o be (-32)/14 + (-2)/w. What is n(o)?
-2
Let u = 29 - 23. Let w(d) = 2*d - 11. Let v(p) = -p + 1. Let s(g) = v(g) + w(g). Give s(u).
-4
Let c(o) = 0*o - 2*o + 3*o + 4. Give c(3).
7
Let y(p) = -23*p + 5*p**3 + 6*p**2 - 6 + 12*p - 4*p**3 + 1. What is y(-7)?
23
Let u(o) = -14*o - 2. Let i(z) = -29*z - 5. Let h(x) = 3*i(x) - 5*u(x). Let q(f) = 11*f + 3. Let t(v) = -5*h(v) - 8*q(v). Calculate t(-1).
4
Let v(x) = -9 - 3*x**2 - 7*x + 4 + 2*x**2. Calculate v(-6).
1
Let d(t) be the first derivative of -2 - 2/3*t**3 - 3*t + 2*t**2. Give d(2).
-3
Let g(l) = 5*l + 43. Let t be g(-9). Let h(k) = 4*k + 1. Give h(t).
-7
Let r(m) be the second derivative of 0*m**2 + 1/6*m**3 + 0 - 4*m. Determine r(2).
2
Let x = 2 + -4. Let f(i) be the first derivative of i**4/12 + 2*i**3/3 + i**2 + 2*i - 2. Let u(g) be the first derivative of f(g). Give u(x).
-2
Suppose 2*n - 6 = n. Let x(y) = y**2 - 6*y - 2. Calculate x(n).
-2
Let t(h) = h - 3. Suppose 0 = -x - a - 2, -a + 5*a = -2*x + 6. Let d(c) = c**2 + 7*c + 9. Let z be d(x). Suppose -z = 3*f - 0. Determine t(f).
-6
Let p(h) = -3*h**3 - 4*h**2 + 4*h + 31. Let f(l) be the first derivative of l**4/2 + l**3 - 3*l**2/2 - 21*l + 5. Let z(b) = -7*f(b) - 5*p(b). Give z(0).
-8
Let i(n) = n**2 - 7*n. Let c(x) = -x**2 + 8*x - 1. Let p(f) = -4*c(f) - 5*i(f). Suppose -7*s + 12*s - 25 = 0. Calculate p(s).
-6
Let v(r) = -r**3 + 3*r - 1. Suppose 3*m - 3 = 3. What is v(m)?
-3
Let i(v) = -5 - 3 + 2*v + 1. Let p be -14*(6/(-8))/((-3)/(-2)). Determine i(p).
7
Let l(q) = 4*q**2 - 2*q - 1. Let c(m) = -m**2. Let f(z) = 9*c(z) + 2*l(z). What is f(-3)?
1
Let i(w) = 7*w. Let h(l) = 660*l. Let k(s) = -11*s. Let n(p) = -2*h(p) - 121*k(p). Let c(z) = -8*i(z) + 5*n(z). What is c(-6)?
6
Let h = 8 + -16. Let z be (10/h)/((-1)/4). Let c(p) = 0 + 2 + z*p + 0*p - 3. What is c(1)?
4
Let g(j) be the third derivative of -j**4/24 + j**3/6 - j**2. Let h be (-35)/(-11) + -3 + 57/(-11). Determine g(h).
6
Suppose 10*k - 3 = 9*k. Suppose k*f - 5*f = -2. Let v(t) = -4*t - 1. What is v(f)?
-5
Let v = 20 + -16. Let d(k) = k + v*k**3 + 3*k**2 - 22 + 24 - 3*k**3. Calculate d(-3).
-1
Let q(u) be the first derivative of u**2/2 - 7*u - 1. Suppose 2*t + 15 = 5*t. Suppose t*r = 23 + 2. Determine q(r).
-2
Let x(h) be the first derivative of 3*h**2/2 - h + 33. What is x(1)?
2
Let c(l) = -l**2 + 8*l - 7. Let x(q) = 7*q**3 - 3*q**2 + 4*q - 2. Let n be x(1). What is c(n)?
5
Let g(c) be the first derivative of -4*c + 1 + 3/2*c**2 + 1/3*c**3. Suppose -3*k + 0 = 12. Calculate g(k).
0
Let k(j) be the first derivative of -j**3/3 - 2*j**2 - 2*j + 8. Give k(-3).
1
Let m(w) = -5*w**2 - 11*w + 2. Let j(l) be the second derivative of l**4/6 + l**3 - l**2/2 + 5*l. Let h(p) = -11*j(p) - 6*m(p). Determine h(1).
7
Let o(r) = 14 - 2*r - 1 - 7. Give o(5).
-4
Let o(q) = -9*q**3 - 3*q**2 - 2. Let c(u) = 45*u**3 + 16*u**2 + 11. Let n(p) = -2*c(p) - 11*o(p). What is n(1)?
10
Suppose 4*b - b = 21. Let v(f) be the first derivative of f**2/2 - 11*f + 2. Let m be v(b). Let n(w) = -2*w - 4. Calculate n(m).
4
Let x(a) = -3*a + 7 - 3 + 8*a - 3*a. Suppose -2 = 3*f - 11. Determine x(f).
10
Let d(l) be the first derivative of -l**4/4 - 4*l**3/3 + 3*l**2/2 + 5*l - 1. Let q(u) = 3*u + 14. Let c be q(-6). Calculate d(c).
-7
Suppose -114 = -2*s - s. Let x = s - 26. Let m be (16/x)/(2/3). Let j(n) = 2*n**2 - 2*n + 3. Calculate j(m).
7
Let d(n) = -6*n - 1. Suppose 2*k - 28 - 26 = 0. Let p = 42 - k. Suppose 2*i + 3*i + 5*q - p = 0, 5*q = i + 9. Give d(i).
-7
Suppose -5*x + 130 = 145. Let b(z) = -z**2 + z + 1. What is b(x)?
-11
Let l(m) = m**3 + 3*m**2 - m - 1. Let s(n) = n**3 - n**2 + n. Let v be s(-1). Give l(v).
2
Let c = 21 + -19. Let m(w) be the third derivative of -w**6/120 + w**4/24 + w**3/3 - w**2. What is m(c)?
-4
Let j(a) = a**2 - 12*a - 10. Let y be j(13). Suppose 0 = -y*v + 5*d - 10 - 1, -2*d = 5*v - 23. Let k(x) = -3*x + 4. What is k(v)?
-5
Let b(l) be the third derivative of 0 + 1/6*l**3 + 11/24*l**4 + 0*l + 5*l**2. Give b(1).
12
Let x(q) = -1 + 10*q**3 + 0 - 6*q**3 - 2*q. Let g be 1*(-1 - (0 + 0)). Determine x(g).
-3
Let g = -29 - -15. Let v be 4/g - 30/(-7). Let l(d) = 2*d - 5. What is l(v)?
3
Let p(h) = 4*h + 3*h**2 - 5*h**2 + 0 - 2. Calculate p(2).
-2
Let f(b) = 2*b - 1. Let w = -5 + 7. Suppose -w*h = -3*m - 8, 0*m - 8 = 4*m - 4*h. Give f(m).
-9
Let t be (-12)/((-1)/(3/6)). Let i(r) be the third derivative of -r**5/60 + 7*r**4/24 - 4*r**3/3 - r**2. Calculate i(t).
-2
Suppose 15*r - r = -42. Let x(s) = s**2 + s. Determine x(r).
6
Let n(k) = -k**2 - 3*k + 2. Let s(w) = w**3 + 5 - 6*w**2 + w - 8 - 1. Let c be s(6). What is n(c)?
-8
Let h(r) = -11*r**2 - 2*r - 1. Let l(j) = j**2 - j - 1. Let i be l(0). Calculate h(i).
-10
Let d(g) be the third derivative of -g**7/2520 - g**6/144 + g**5/40 - g**4/8 + 6*g**2. Let v(k) be the second derivative of d(k). Give v(-5).
3
Let g be 0/(-5*1 + 2 + 1). Let u(r) = 2*r + 1. Let m be u(-1). Let k = m - g. Let j(d) = 5*d**2 - 1. What is j(k)?
4
Suppose 3*t + 0 = 15. Let o(a) be the third derivative of a**4/12 - 7*a**3/6 + 12*a**2. Calculate o(t).
3
Let l(n) = -2*n - 99 + 58 + 36. Let x = 3 + -10. Give l(x).
9
Let g(j) = 3*j - 3*j**3 + 4*j**2 - 2*j**2 + 2*j - 3*j. Calculate g(2).
-12
Let l(f) be the second derivative of -f**5/20 - f**4/4 + f**2 + 4*f. Let b be l(-3). Let d(u) = u + 1 + u - 6*u. Calculate d(b).
-7
Suppose 4*q + 2*i = 5*i + 18, 2*q + 5*i = -4. Suppose -5*d - 3 = 2*f, 2*f + 2*d - q*d = 3. Let z be ((-1)/f)/((-3)/(-15)). Let m(u) = u + 8. Determine m(z).
3
Let v(s) = 9*s**3 + s**2 + s. Suppose 0 = 3*c + n - 5, 2*c + n - 2 + 0 = 0. Suppose 4*m - 3*y = -7, m + m - c*y = -5. Give v(m).
-9
Let u(h) = -2*h**3 - 2*h + 1. Let x(q) be the third derivative of 0 + 1/24*q**4 - 2*q**2 + 0*q - 1/3*q**3. Let s be x(3). Determine u(s).
-3
Suppose 4*m = 2*m - 10. Let c(o) = -o**3 - 5*o**2 + 2*o + 1. Calculate c(m).
-9
Suppose 15 = -6*r + r. Let h = r + 2. Let a(k) be the second derivative of -2*k**3/3 - k**2/2 - k. Calculate a(h).
3
Let q(j) be the second derivative of 5*j**4/4 - j**3/3 + j**2/2 + 13*j. Give q(1).
14
Suppose r = -4*n + 26, -n + r = 3*r - 10. Let c(v) = -v**3 + 7*v**2 - 4*v - 3. What is c(n)?
9
Suppose -1 = -2*s + 1. Let z(d) = d - 10. Let x(g) = -1. Let u(m